{"id":138,"date":"2018-05-20T09:29:34","date_gmt":"2018-05-20T09:29:34","guid":{"rendered":"https:\/\/www.sgklm.schachix.de\/?page_id=138"},"modified":"2024-12-21T20:05:16","modified_gmt":"2024-12-21T20:05:16","slug":"jugend","status":"publish","type":"page","link":"https:\/\/www.sgklm.schachix.de\/?page_id=138","title":{"rendered":"Jugend"},"content":{"rendered":"\n\n\n<p>Jugendarbeit spielt in unserem Verein eine gro\u00dfe Rolle. Dies zeigt sich nicht zuletzt daran, dass wir mehrere Jugendtrainer, Gruppen haben und nat\u00fcrlich viele und starke Spieler mit dem derzeitigen DEUTSCHEN Jugendmeister U10 Peter Steinbrenner an der Spitze.<\/p>\n\n\n\n<p>Die folgende Liste wird 2025 mit gr\u00f6\u00dferer Ergebnisdichte fortgesetzt.\u00a0<\/p>\n\n\n\n<h3>Unsere Jugend im Jahr 2024:<\/h3>\n\n\n\n<p><\/p>\n\n\n\n<ul class=\"wp-block-list\">\n<li>Peter Steinbrenner wird Deutscher Jugendmeister U10.<\/li>\n\n\n\n<li>Peter Steinbrenner wird 21. der Europameisterschaft U10.<\/li>\n\n\n\n<li>Die U14 wird RLP-Vereinsmeister am 24.6.2024 mit Levent, Peter, Deniz und Jonas.<\/li>\n\n\n\n<li>Bei gleichen Turnier wird unsere Mannschaft Dritter mit der Mannschaft Jan, Kevin, Sergej, David.<\/li>\n\n\n\n<li>Die U16 wird ebenfalls deutscher Vereinsmeister RLP mit Julian, Steven, Malte und Adam.<\/li>\n\n\n\n<li>Die U14 wird Meister der Mitteldeutschen Vereinsjugendmannschaftsmeisterschaft, ebenfalls mit Levent, Peter, Deniz, Jonas.<\/li>\n\n\n\n<li>Die f\u00fcnf jugendlichen Spieler mit der gr\u00f6\u00dften Steigerung der DWZ im letzten Jahr: Rajit +674, Julius, +229, Jonas +218, Kevin +169, Sergej +136.<\/li>\n<\/ul>\n\n\n","protected":false},"excerpt":{"rendered":"<p>Jugendarbeit spielt in unserem Verein eine gro\u00dfe Rolle. Dies zeigt sich nicht zuletzt daran, dass wir mehrere Jugendtrainer, Gruppen haben und nat\u00fcrlich viele und starke Spieler mit dem derzeitigen DEUTSCHEN Jugendmeister U10 Peter Steinbrenner an der Spitze. Die folgende Liste wird 2025 mit gr\u00f6\u00dferer Ergebnisdichte fortgesetzt.\u00a0 Unsere Jugend im Jahr\u2026<\/p>\n<p class=\"continue-reading-button\"> <a class=\"continue-reading-link\" href=\"https:\/\/www.sgklm.schachix.de\/?page_id=138\">Continue reading<i class=\"crycon-right-dir\"><\/i><\/a><\/p>\n","protected":false},"author":2,"featured_media":0,"parent":0,"menu_order":0,"comment_status":"closed","ping_status":"closed","template":"","meta":{"_uag_custom_page_level_css":"","footnotes":""},"categories":[],"tags":[],"class_list":["post-138","page","type-page","status-publish","hentry"],"uagb_featured_image_src":{"full":false,"thumbnail":false,"medium":false,"medium_large":false,"large":false,"1536x1536":false,"2048x2048":false,"custom":false,"post-thumbnail":false,"header":false,"slider":false,"columns":false},"uagb_author_info":{"display_name":"Helmut H\u00fcrter","author_link":"https:\/\/www.sgklm.schachix.de\/?author=2"},"uagb_comment_info":0,"uagb_excerpt":"Jugendarbeit spielt in unserem Verein eine gro\u00dfe Rolle. Dies zeigt sich nicht zuletzt daran, dass wir mehrere Jugendtrainer, Gruppen haben und nat\u00fcrlich viele und starke Spieler mit dem derzeitigen DEUTSCHEN Jugendmeister U10 Peter Steinbrenner an der Spitze. Die folgende Liste wird 2025 mit gr\u00f6\u00dferer Ergebnisdichte fortgesetzt.\u00a0 Unsere Jugend im Jahr\u2026 Continue reading","_links":{"self":[{"href":"https:\/\/www.sgklm.schachix.de\/index.php?rest_route=\/wp\/v2\/pages\/138","targetHints":{"allow":["GET"]}}],"collection":[{"href":"https:\/\/www.sgklm.schachix.de\/index.php?rest_route=\/wp\/v2\/pages"}],"about":[{"href":"https:\/\/www.sgklm.schachix.de\/index.php?rest_route=\/wp\/v2\/types\/page"}],"author":[{"embeddable":true,"href":"https:\/\/www.sgklm.schachix.de\/index.php?rest_route=\/wp\/v2\/users\/2"}],"replies":[{"embeddable":true,"href":"https:\/\/www.sgklm.schachix.de\/index.php?rest_route=%2Fwp%2Fv2%2Fcomments&post=138"}],"version-history":[{"count":8,"href":"https:\/\/www.sgklm.schachix.de\/index.php?rest_route=\/wp\/v2\/pages\/138\/revisions"}],"predecessor-version":[{"id":1983,"href":"https:\/\/www.sgklm.schachix.de\/index.php?rest_route=\/wp\/v2\/pages\/138\/revisions\/1983"}],"wp:attachment":[{"href":"https:\/\/www.sgklm.schachix.de\/index.php?rest_route=%2Fwp%2Fv2%2Fmedia&parent=138"}],"wp:term":[{"taxonomy":"category","embeddable":true,"href":"https:\/\/www.sgklm.schachix.de\/index.php?rest_route=%2Fwp%2Fv2%2Fcategories&post=138"},{"taxonomy":"post_tag","embeddable":true,"href":"https:\/\/www.sgklm.schachix.de\/index.php?rest_route=%2Fwp%2Fv2%2Ftags&post=138"}],"curies":[{"name":"wp","href":"https:\/\/api.w.org\/{rel}","templated":true}]}}