{"id":417,"date":"2019-02-06T14:17:23","date_gmt":"2019-02-06T14:17:23","guid":{"rendered":"https:\/\/www.sgklm.schachix.de\/?page_id=417"},"modified":"2019-02-06T14:18:07","modified_gmt":"2019-02-06T14:18:07","slug":"monatsblitz-januar-2019-2","status":"publish","type":"page","link":"https:\/\/www.sgklm.schachix.de\/?page_id=417","title":{"rendered":"Monatsblitz Februar 2019"},"content":{"rendered":"<p>Am 06.02. fand das Monatsblitzturnier Februar statt.<\/p>\n<p>Mit 6 Teilnehmern wurde doppelrundig gespielt. <\/p>\n<p>Wie beim letzten Mal siegte Oleg souver\u00e4n und erreicht wieder 9,5 Punkte (obwohl 2 Partien weniger gespielt wurden.<\/p>\n<p>Sensationell belegte Bernhard aus der zweiten Mannschaft den dritten Platz; noch \u00fcberraschender waren die beiden Punkte von Dennis aus der Vierten.<\/p>\n<p>Ergebnisse:<\/p>\n<table style=\"border-collapse: collapse; width: 84.4998%;\" border=\"1\">\n<tbody>\n<tr>\n<td style=\"width: 10.4583%;\">Platz<\/td>\n<td style=\"width: 29.9583%;\">Name<\/td>\n<td style=\"width: 31.7916%;\">Verein<\/td>\n<td style=\"width: 12.2916%;\">Punkte<\/td>\n<\/tr>\n<tr>\n<td style=\"width: 10.4583%;\">1<\/td>\n<td style=\"width: 29.9583%;\">Oleg Yakovenko<\/td>\n<td style=\"width: 31.7916%;\">SG Kaiserslautern<\/td>\n<td style=\"width: 12.2916%;\">9,5<\/td>\n<\/tr>\n<tr>\n<td style=\"width: 10.4583%;\">2<\/td>\n<td style=\"width: 29.9583%;\">FM Ingo Bruch<\/td>\n<td style=\"width: 31.7916%;\">SG Kaiserslautern<\/td>\n<td style=\"width: 12.2916%;\">7,5<\/td>\n<\/tr>\n<tr>\n<td style=\"width: 10.4583%;\">3<\/td>\n<td style=\"width: 29.9583%;\">Bernhard B\u00f6hmler<\/td>\n<td style=\"width: 31.7916%;\">SG Kaiserslautern<\/td>\n<td style=\"width: 12.2916%;\">4,5<\/td>\n<\/tr>\n<tr>\n<td style=\"width: 10.4583%;\">4<\/td>\n<td style=\"width: 29.9583%;\">Michael Diesenhof<\/td>\n<td style=\"width: 31.7916%;\">SG Kaiserslautern<\/td>\n<td style=\"width: 12.2916%;\">4<\/td>\n<\/tr>\n<tr>\n<td style=\"width: 10.4583%;\">6<\/td>\n<td style=\"width: 29.9583%;\">Lukas Tresch<\/td>\n<td style=\"width: 31.7916%;\">SK Frankenthal<\/td>\n<td style=\"width: 12.2916%;\">2,5<\/td>\n<\/tr>\n<tr>\n<td style=\"width: 10.4583%;\">7<\/td>\n<td style=\"width: 29.9583%;\">Dennis L\u00f6nard<\/td>\n<td style=\"width: 31.7916%;\">SG Kaiserslautern<\/td>\n<td style=\"width: 12.2916%;\">2<\/td>\n<\/tr>\n<\/tbody>\n<\/table>\n<p>Das n\u00e4chste Blitzturnier ist f\u00fcr den 05.03. geplant (das ist Veilchendienstag, was aber uns Schachspieler \u00fcblicherweise weniger st\u00f6rt).<\/p>\n\n\n<p><\/p>\n","protected":false},"excerpt":{"rendered":"<p>Am 06.02. fand das Monatsblitzturnier Februar statt. Mit 6 Teilnehmern wurde doppelrundig gespielt. Wie beim letzten Mal siegte Oleg souver\u00e4n und erreicht wieder 9,5 Punkte (obwohl 2 Partien weniger gespielt wurden. Sensationell belegte Bernhard aus der zweiten Mannschaft den dritten Platz; noch \u00fcberraschender waren die beiden Punkte von Dennis aus\u2026<\/p>\n<p class=\"continue-reading-button\"> <a class=\"continue-reading-link\" href=\"https:\/\/www.sgklm.schachix.de\/?page_id=417\">Continue reading<i class=\"crycon-right-dir\"><\/i><\/a><\/p>\n","protected":false},"author":2,"featured_media":0,"parent":0,"menu_order":0,"comment_status":"closed","ping_status":"closed","template":"","meta":{"_uag_custom_page_level_css":"","footnotes":""},"categories":[],"tags":[],"class_list":["post-417","page","type-page","status-publish","hentry"],"uagb_featured_image_src":{"full":false,"thumbnail":false,"medium":false,"medium_large":false,"large":false,"1536x1536":false,"2048x2048":false,"custom":false,"post-thumbnail":false,"header":false,"slider":false,"columns":false},"uagb_author_info":{"display_name":"Helmut H\u00fcrter","author_link":"https:\/\/www.sgklm.schachix.de\/?author=2"},"uagb_comment_info":0,"uagb_excerpt":"Am 06.02. fand das Monatsblitzturnier Februar statt. Mit 6 Teilnehmern wurde doppelrundig gespielt. Wie beim letzten Mal siegte Oleg souver\u00e4n und erreicht wieder 9,5 Punkte (obwohl 2 Partien weniger gespielt wurden. Sensationell belegte Bernhard aus der zweiten Mannschaft den dritten Platz; noch \u00fcberraschender waren die beiden Punkte von Dennis aus\u2026 Continue reading","_links":{"self":[{"href":"https:\/\/www.sgklm.schachix.de\/index.php?rest_route=\/wp\/v2\/pages\/417","targetHints":{"allow":["GET"]}}],"collection":[{"href":"https:\/\/www.sgklm.schachix.de\/index.php?rest_route=\/wp\/v2\/pages"}],"about":[{"href":"https:\/\/www.sgklm.schachix.de\/index.php?rest_route=\/wp\/v2\/types\/page"}],"author":[{"embeddable":true,"href":"https:\/\/www.sgklm.schachix.de\/index.php?rest_route=\/wp\/v2\/users\/2"}],"replies":[{"embeddable":true,"href":"https:\/\/www.sgklm.schachix.de\/index.php?rest_route=%2Fwp%2Fv2%2Fcomments&post=417"}],"version-history":[{"count":2,"href":"https:\/\/www.sgklm.schachix.de\/index.php?rest_route=\/wp\/v2\/pages\/417\/revisions"}],"predecessor-version":[{"id":419,"href":"https:\/\/www.sgklm.schachix.de\/index.php?rest_route=\/wp\/v2\/pages\/417\/revisions\/419"}],"wp:attachment":[{"href":"https:\/\/www.sgklm.schachix.de\/index.php?rest_route=%2Fwp%2Fv2%2Fmedia&parent=417"}],"wp:term":[{"taxonomy":"category","embeddable":true,"href":"https:\/\/www.sgklm.schachix.de\/index.php?rest_route=%2Fwp%2Fv2%2Fcategories&post=417"},{"taxonomy":"post_tag","embeddable":true,"href":"https:\/\/www.sgklm.schachix.de\/index.php?rest_route=%2Fwp%2Fv2%2Ftags&post=417"}],"curies":[{"name":"wp","href":"https:\/\/api.w.org\/{rel}","templated":true}]}}