{"id":458,"date":"2019-04-28T08:45:12","date_gmt":"2019-04-28T08:45:12","guid":{"rendered":"https:\/\/www.sgklm.schachix.de\/?page_id=458"},"modified":"2019-04-28T08:45:12","modified_gmt":"2019-04-28T08:45:12","slug":"pfalzkongress-2019-in-birkenfeld","status":"publish","type":"page","link":"https:\/\/www.sgklm.schachix.de\/?page_id=458","title":{"rendered":"Pfalzkongress 2019 in Birkenfeld"},"content":{"rendered":"<p><strong><u>Drei Lauterer beim Schachkongress<\/u><\/strong><\/p>\n<p>Beim diesj\u00e4hrigen Schachkongress in Birkenfeld sind mit Philipp R\u00f6lle, Michael Diesenhof und Matthias Huschens auch drei Spieler der 1.Mannschaft der SG Kaiserslautern 1905 mit dabei.<\/p>\n<p>Matthias Huschens darf als Nachr\u00fccker dabei im MTA mitspielen und liegt nach dem ersten Wochenende mit 2,5\/4 auf dem 3.Platz. Nach einem starken Start mit Siegen gegen Oleg Yakovenko (SC Niederkirchen) und Ahad Huseynov (SK Frankenthal) setzte es in Runde 3 eine verdiente Niederlage gegen Andreas Lambert (SK Ludwigshafen), ehe Matthias in Runde 4 eine bessere Stellung gegen Andre Bold (SC 1975 Bann) nicht gewinnen konnte und remisierte.<\/p>\n<p>Soweit ein ordentlicher Auftritt, das kommende Wochenende wird mit Schwarz-Partien gegen die Setzlistenersten Martin Heider (SV Worms 1878), Arkadi Syrov (SK Frankenthal) und FM Roland Ollenberger (SV Worms 1878) aber ein echter H\u00e4rtetest.<\/p>\n<p>Philipp R\u00f6lle ist bislang ungl\u00fccklich ins MTB gestartet, nach einem interessanten Remis gegen Bernd K\u00fchn (SK Frankenthal) mit wechselseitigen Gewinnchancen folgten dann zwei Niederlagen sowie ein Remis gegen Johann Brittner (SK Erfenbach), wobei Philipp, der zuvor auf Gewinn stand, leider ein Dauerschach zulie\u00df.<\/p>\n<p>Michael Diesenhof ist DWZ-Favorit im MAT I und spielt bislang sehr ordentlich. Mit 3 Punkten liegt er ungeschlagen einen halben Punkt hinter Marcel Agne (SC Thallichtenberg), wobei Michael in Runde 1 seinen Gegner Lutz Bohne (Post SV Neustadt) ins Dauerschach entkommen lie\u00df.<\/p>\n<p>Die drei Lauterer waren auch beim Einzelblitz am Samstag am Start, dabei lauteten die Platzierungen:<\/p>\n<p>5.Platz Matthias Huschens 11,5\/17 (+9 =5 -3)<\/p>\n<p>7.Platz Philipp R\u00f6lle 11,5\/17 (+11 =1 -5)<\/p>\n<p>14.Platz Michael Diesenhof 10\/17 (+9 =2 -6)<\/p>\n","protected":false},"excerpt":{"rendered":"<p>Drei Lauterer beim Schachkongress Beim diesj\u00e4hrigen Schachkongress in Birkenfeld sind mit Philipp R\u00f6lle, Michael Diesenhof und Matthias Huschens auch drei Spieler der 1.Mannschaft der SG Kaiserslautern 1905 mit dabei. Matthias Huschens darf als Nachr\u00fccker dabei im MTA mitspielen und liegt nach dem ersten Wochenende mit 2,5\/4 auf dem 3.Platz. Nach\u2026<\/p>\n<p class=\"continue-reading-button\"> <a class=\"continue-reading-link\" href=\"https:\/\/www.sgklm.schachix.de\/?page_id=458\">Continue reading<i class=\"crycon-right-dir\"><\/i><\/a><\/p>\n","protected":false},"author":2,"featured_media":0,"parent":0,"menu_order":0,"comment_status":"closed","ping_status":"closed","template":"","meta":{"_uag_custom_page_level_css":"","footnotes":""},"categories":[],"tags":[],"class_list":["post-458","page","type-page","status-publish","hentry"],"uagb_featured_image_src":{"full":false,"thumbnail":false,"medium":false,"medium_large":false,"large":false,"1536x1536":false,"2048x2048":false,"custom":false,"post-thumbnail":false,"header":false,"slider":false,"columns":false},"uagb_author_info":{"display_name":"Helmut H\u00fcrter","author_link":"https:\/\/www.sgklm.schachix.de\/?author=2"},"uagb_comment_info":0,"uagb_excerpt":"Drei Lauterer beim Schachkongress Beim diesj\u00e4hrigen Schachkongress in Birkenfeld sind mit Philipp R\u00f6lle, Michael Diesenhof und Matthias Huschens auch drei Spieler der 1.Mannschaft der SG Kaiserslautern 1905 mit dabei. Matthias Huschens darf als Nachr\u00fccker dabei im MTA mitspielen und liegt nach dem ersten Wochenende mit 2,5\/4 auf dem 3.Platz. Nach\u2026 Continue reading","_links":{"self":[{"href":"https:\/\/www.sgklm.schachix.de\/index.php?rest_route=\/wp\/v2\/pages\/458","targetHints":{"allow":["GET"]}}],"collection":[{"href":"https:\/\/www.sgklm.schachix.de\/index.php?rest_route=\/wp\/v2\/pages"}],"about":[{"href":"https:\/\/www.sgklm.schachix.de\/index.php?rest_route=\/wp\/v2\/types\/page"}],"author":[{"embeddable":true,"href":"https:\/\/www.sgklm.schachix.de\/index.php?rest_route=\/wp\/v2\/users\/2"}],"replies":[{"embeddable":true,"href":"https:\/\/www.sgklm.schachix.de\/index.php?rest_route=%2Fwp%2Fv2%2Fcomments&post=458"}],"version-history":[{"count":1,"href":"https:\/\/www.sgklm.schachix.de\/index.php?rest_route=\/wp\/v2\/pages\/458\/revisions"}],"predecessor-version":[{"id":459,"href":"https:\/\/www.sgklm.schachix.de\/index.php?rest_route=\/wp\/v2\/pages\/458\/revisions\/459"}],"wp:attachment":[{"href":"https:\/\/www.sgklm.schachix.de\/index.php?rest_route=%2Fwp%2Fv2%2Fmedia&parent=458"}],"wp:term":[{"taxonomy":"category","embeddable":true,"href":"https:\/\/www.sgklm.schachix.de\/index.php?rest_route=%2Fwp%2Fv2%2Fcategories&post=458"},{"taxonomy":"post_tag","embeddable":true,"href":"https:\/\/www.sgklm.schachix.de\/index.php?rest_route=%2Fwp%2Fv2%2Ftags&post=458"}],"curies":[{"name":"wp","href":"https:\/\/api.w.org\/{rel}","templated":true}]}}